test common divisor of p and 128?
16
Let b = 56 - 17. Suppose -3*d + 180 = -4*x, 4*x - 3*d + 225 = -x. Let m be (-6)/x + b/45. What is the greatest common factor of 11 and m?
1
Suppose -4*x + 3227 = 367. What is the highest common divisor of x and 275?
55
Let x = 398 - 158. Let k(i) = i**3 + 231*i**2 + 5166*i + 448. Let j be k(-25). Calculate the highest common factor of x and j.
48
Suppose -1 = -10*v + 79. Suppose 0 = -v*h + 430 - 110. What is the highest common divisor of 440 and h?
40
Let v = -1157 + 15366. Calculate the greatest common divisor of v and 26.
13
Suppose -115 = -3*t + 2*b + 1, 0 = 2*t - 5*b - 70. Suppose -t*g - 192 = -56*g. What is the greatest common divisor of 432 and g?
12
Suppose 3*l + 16457 = d, 2*l = -3539*d + 3534*d + 82404. What is the highest common factor of d and 44?
22
Let j = -2915 + 2942. What is the highest common factor of 1224 and j?
9
Let s be (3/7)/(552/2898)*12. What is the highest common divisor of 3528 and s?
9
Let t(v) be the third derivative of -41*v**6/20 - v**5/20 + v**4/6 + 4*v**3/3 + 120*v**2 + 2. Let j be t(-1). What is the greatest common factor of 13 and j?
13
Let q(z) = -z**3 - 7*z**2 + z + 12. Let g(f) = 6*f + 47. Let v be g(-9). Let o be q(v). Calculate the highest common divisor of o and 55.
5
Suppose 0 = v + 5*z - 107, -5*z = -2*v - 29 + 258. What is the highest common factor of v and 4004?
28
Let h be (13/3 + -6)/(7941/(-2646) + 3). What is the highest common divisor of 1680 and h?
210
Suppose 97*z - 49*z + 197316 = 69*z. What is the greatest common factor of 232 and z?
116
Let m be (-7)/1 - 320/(-4). Suppose 75*t - 4 = m*t. Calculate the highest common divisor of t and 16.
2
Let k = -60 + 70. Let b be k/(4 + -6) - -19. What is the greatest common divisor of b and 322?
14
Suppose 13*o - 19312 = 11238. What is the greatest common divisor of 400 and o?
50
Let j(b) = 259*b**2 - 363*b + 14. Let z be j(5). Calculate the highest common divisor of 114 and z.
114
Let k be 2*((-69)/(-6))/(-1)*-1. Suppose 0 = -v - 11 + k. Suppose 3*i = v*i - 162. What is the greatest common factor of 162 and i?
18
Let v = -125 + 130. Suppose 0 = -q + 8*m - v*m + 17, 51 = 3*q + 4*m. What is the highest common divisor of 17 and q?
17
Suppose 2*r = -4*c + 10, 0*r - 25 = -4*c + 3*r. Suppose -5*u = 3*y - 287, -c*u - 15 + 231 = -y. What is the highest common divisor of 22 and u?
11
Let n(v) = 89*v - 143. Let c be n(7). Suppose 39*y + c = 41*y. Calculate the greatest common divisor of y and 90.
30
Let o = 111 + -80. Suppose -6696 = -16*f + 4*f. What is the highest common divisor of o and f?
31
Let b(o) = -o**3 + 47*o**2 + 19. Let w(n) = -n**2 + 17*n - 19. Let d be w(11). Let x be b(d). Let s = -1 + 39. Calculate the greatest common factor of x and s.
19
Let k = -97 + 129. Let r be 4290/90 + 1/3. What is the highest common divisor of r and k?
16
Suppose -31*t + 630 + 114 = 0. Suppose 222 = 3*j + 2*g + g, g = 3*j - 214. What is the highest common factor of t and j?
24
Let o(r) = -3*r - 3. Let q be o(-5). Let z = -2 + 7. Suppose v = 4*g + 76, -55 = -4*v - z*g + 165. What is the greatest common factor of v and q?
12
Let t = 157 - 150. Suppose 0 = t*v - 8*v + 235. Let w = v - 136. What is the greatest common factor of w and 11?
11
Suppose o + 4567 = 2*d, -5*o - 11440 = -15*d + 10*d. What is the greatest common divisor of 371 and d?
53
Suppose 5*z - 2*v + 135 = 0, 2*z - v = v - 60. Let o be (-30)/z*(-40)/(-12) + 38. What is the highest common factor of 546 and o?
42
Suppose 3*h = -a + 370, -2*a - 436 = -4*h - 1156. What is the highest common divisor of 28 and a?
28
Suppose -3*a + m + 313 = 2*m, 0 = 3*a - 5*m - 325. Let n = a + -40. What is the highest common factor of 5 and n?
5
Suppose 150*i = 3670 + 9980. What is the greatest common divisor of 195 and i?
13
Suppose -2*d - 5*i = -80, -2*d + 7*i - 2*i = -60. Let r(b) = -17*b + 172. Let c be r(6). What is the greatest common divisor of d and c?
35
Suppose o = 4*n - 0*o - 25, -n - 4*o = -2. Let c = 6 - n. Suppose c = 2*w + 8, 2*f + 3 = 5*w + 51. Calculate the highest common factor of f and 35.
7
Suppose 0 = 62*f - 63*f + 6, u + 2*f = 2952. What is the greatest common divisor of u and 28?
28
Let q = -6873 - -7751. Calculate the highest common divisor of q and 2.
2
Let i(r) = 361*r - 1. Let g be i(1). Let c(x) = x**2 + 43*x - 372. Let t be c(-51). What is the greatest common divisor of t and g?
36
Let t be ((-36)/66)/(-1 + 43/44). Let b = -1 - -3. Suppose 0*v + b*v = 144. What is the highest common factor of t and v?
24
Suppose 136*l + 28542 = 276*l - 134*l. Calculate the greatest common factor of 335 and l.
67
Let b be ((-69)/9)/((11 + -4)/(-1428)). Suppose 0 = -47*u + 13*u + b. Calculate the highest common divisor of u and 14.
2
Suppose -98*p = -73*p - 15675. What is the highest common factor of 1551 and p?
33
Suppose -410 - 1174 = -8*n. Calculate the greatest common divisor of 9 and n.
9
Let c(y) = -20*y - 28. Let f be c(-9). Suppose -23*b + 61*b - f = 0. Calculate the greatest common divisor of 28 and b.
4
Suppose -2*t = 2*w + 1212 - 130, -t + 1619 = -3*w. Let i = w - -573. What is the greatest common divisor of i and 121?
11
Suppose -28*t + 27*t + 5*z = -345, 0 = -4*t + 9*z + 1413. Calculate the highest common divisor of 3690 and t.
90
Suppose -5*r + 29 = 5*f - 1, -8 = -2*f - r. Let m be (-3)/5 - 6/(-10). Suppose 2*y + g + 1 = f, 5*y + 3*g = m. What is the highest common factor of y and 9?
3
Let z be 1 + 2 + 1 + (65 - 1). Let g(h) = -9*h - 104. Let v be g(-12). Calculate the highest common factor of v and z.
4
Let l(o) = 56*o**2 + 16*o + 7. Suppose -9*i - 6 = -11*i. Let u be l(i). What is the highest common factor of u and 13?
13
Suppose y = -5*y + 36. Suppose -7*g + y + 22 = 0. Suppose 19 = g*m - 9. What is the greatest common factor of m and 14?
7
Suppose -16 = -3*v - 1. Suppose -v*p - 120 + 0 = 0. Let l be 2876/10 + (p/15 - -2). What is the highest common factor of 32 and l?
32
Suppose 27*t = 2*t + 250. Let i be t/75*36*5. Calculate the greatest common factor of 12 and i.
12
Suppose -157*p + 8426 = 22*p - 264728. What is the greatest common factor of 126 and p?
14
Let d(q) = 5*q**2 + 13. Let b be d(9). Suppose -b - 84 = 2*l - 2*o, 0 = -4*l + 2*o - 1006. Let j = -76 - l. What is the highest common divisor of 22 and j?
22
Suppose 32*w + 5*x - 63 = 31*w, 2*w - 156 = -4*x. Suppose 3*k = w + 11. Calculate the greatest common divisor of 561 and k.
33
Let o be 40/(-18) + 2 - (1 + (-78760)/45). Calculate the greatest common factor of o and 33.
33
Suppose 40*o + 52*o = 28*o + 17152. What is the greatest common divisor of 2881 and o?
67
Let l = 5541 + -5525. Calculate the highest common divisor of l and 360.
8
Suppose 0*u + u - 289 = 4*t, -u - 368 = 5*t. Let z = t + 77. Suppose z*i - 79 = -5*p, 4*p = -i - 0*i + 17. What is the greatest common divisor of i and 231?
21
Let j = -1054 - -686. Let o = 376 + j. Let p(t) = -t**2 + 3*t + 1. Let v be p(3). Calculate the greatest common divisor of o and v.
1
Suppose -2001*k + 1996*k = 4*f - 486, -5*k - 585 = -5*f. Calculate the greatest common divisor of f and 68.
17
Suppose 4*g + 192 = -4*y, -3*g + 5*y + 37 = 221. Let t = g + 216. Let z be ((-1)/1)/(t/(-27) + 6). What is the greatest common divisor of 135 and z?
27
Let m = 3807 - 3707. Calculate the highest common factor of 100 and m.
100
Suppose w + 1065 = 16*w. Suppose -w = 17*u - 343. Calculate the highest common factor of 56 and u.
8
Let w(x) = 2*x**2 + 6*x - 7. Let m be w(-5). Suppose 0 = 8*c + 16 + 40. Let y = c - -124. What is the highest common factor of y and m?
13
Suppose 2*x - 1458 = -336 + 2222. Calculate the highest common factor of 352 and x.
88
Let b(s) = -s**2 + 32*s - 213. Let u be b(10). What is the greatest common factor of u and 7721?
7
Suppose 55*o = 4832 + 12988. Calculate the highest common divisor of o and 5076.
108
Let h = -940 - -1108. What is the highest common factor of h and 392?
56
Let n be (-590)/(-236) + ((-4234)/(-4) - -1). Let v(o) = o**3 + 12*o**2 + 8*o - 15. Let f be v(-11). What is the highest common divisor of f and n?
18
Suppose -3*d - 4*l = -554, -3*d - 5*l = -480 - 79. Suppose -g = d - 181. Let r be 2/(-9)*g*-3*11. Calculate the highest common factor of 2 and r.
2
Suppose -30*l + 10*l + 880 = 0. Let d = 736 - 516. Calculate the greatest common facto